ist the prime factors of o.
2, 47
Suppose 8*c = 61686 - 3462. List the prime factors of c.
2, 3, 1213
Suppose 0 = -5*s + 2*s + 3. List the prime factors of (424/32)/(s/60)*1.
3, 5, 53
What are the prime factors of (-2682204)/(-252) + 1/3?
2, 3, 887
Let c be 19/57*6/2. List the prime factors of (c - 256)/(-3) + 88/22.
89
Suppose 143*o = 147*o - 33260. What are the prime factors of o?
5, 1663
List the prime factors of (1 - 5)*314608/(-448).
53
Let s(m) = -11*m + 128 - 3 + 208. List the prime factors of s(0).
3, 37
Let o(a) = 17*a + 10259. List the prime factors of o(0).
10259
Let q be (25860/14)/6 + 1/7. Let h = 71 + q. Let b = h + -246. List the prime factors of b.
7, 19
Let p(j) = -j**3 + 2*j**2 + 11*j + 6. Let f(x) = -4*x + 4. Suppose -2*s + 0 + 12 = 4*n, 4*s + 4*n = 16. Let w be f(s). What are the prime factors of p(w)?
2, 29
Let g = 118 - 115. Suppose -247 - 212 = -2*q - 5*k, g*q - 3*k = 657. Suppose 0 = 225*r - q*r - 306. What are the prime factors of r?
2, 3, 17
Suppose 98685 = 1230*x - 1213*x. List the prime factors of x.
3, 5, 43
Let a = 13067 + 4570. What are the prime factors of a?
3, 5879
Suppose q = 4*m + 11364, -3*m = 5*q - 23045 - 33660. What are the prime factors of q?
2, 709
Let y be ((-16)/(-12)*-3)/(8/(-6)). Let t(s) = -s**y + 11*s - 15 - 6*s**3 + 6*s**3 + 9*s**2. What are the prime factors of t(9)?
2, 3, 7
Let b(p) be the second derivative of -24*p + 0 + 12*p**2 - 25/6*p**3. List the prime factors of b(-7).
199
Suppose 0 = 140*v - 138*v + 8. Let n(p) be the third derivative of p**5/30 - p**4/24 - 2*p**3/3 - p**2. List the prime factors of n(v).
2
Let i be 5*(18/14 + 4/(-14)). Let h be (-50)/(-1) + 0/(-4). Suppose -4*b = 2*w - 178, -i*b - h - 83 = -2*w. What are the prime factors of w?
79
List the prime factors of ((-6)/(-2) + (18 - 20))*(9771 - 8).
13, 751
Let f(p) = 71*p**3 + 15*p**2 - 51*p + 86. List the prime factors of f(6).
2, 19, 103
Let b(d) = -d**2 - 16*d - 8. Suppose -p - 133 = -2*n, 2*n + 3*n - 3*p = 334. Suppose 0*r + n = -5*r. What are the prime factors of b(r)?
31
Suppose -4*g - g + 14 = q, 0 = 3*g + 5*q - 4. Let d(c) = g*c**3 - 11*c**2 - 3*c**2 + 16 + 14*c - 2*c**3. What are the prime factors of d(13)?
29
Let k(p) = 142*p**3 + p**2 + 2*p - 3. Let l = 36 + -35. What are the prime factors of k(l)?
2, 71
Suppose -3*c + 3*a = -7628 + 1949, 1863 = c + 5*a. List the prime factors of c.
2, 59
Suppose 1016 = -9*u + 11*u - 2*z, 2*u - 5*z = 1031. Suppose 5*b + 1048 = -717. Let t = b + u. What are the prime factors of t?
2, 3, 5
Suppose 88*u - 1222378 - 1307798 = 0. What are the prime factors of u?
2, 3, 599
Let k(d) = -484*d - 18. Let t(n) = -n + 2. Let q(j) = -k(j) - 5*t(j). What are the prime factors of q(1)?
7, 71
Let q = 86 - 56. Suppose -q = -4*r + 2*d, -4*r - 4*d + 3*d + 27 = 0. Let n(k) = -k**3 + 6*k**2 + 13*k + 10. List the prime factors of n(r).
2, 13
Let q be 6532/6*9/6. Suppose 11*w - q = 7244. What are the prime factors of w?
3, 269
Let s(x) = -9*x**3 + 4*x**2 - 9*x - 53. Let i(f) = -2*f**3 + f**2 - 2*f - 13. Let z(d) = 26*i(d) - 6*s(d). What are the prime factors of z(5)?
2, 5, 29
Suppose 6*m = 9*m - 5*p, 4*p = -3*m - 27. Let r(d) = -50*d - 7. What are the prime factors of r(m)?
3
Suppose 5*i + 7 = 5*y - 18, -4*y = 5*i + 25. Suppose -17*j + 31*j - 8834 = y. List the prime factors of j.
631
List the prime factors of 1 + 11 + (-47 - -41) + 6318.
2, 3, 17, 31
What are the prime factors of (-144582)/(-14) + ((-200)/210 - (-4)/6)?
23, 449
Let j be (-252)/(-420) - 32/(-5). Let x(v) = -3*v + 24. What are the prime factors of x(j)?
3
Let t(c) = 14*c**3 + c**2. Let k be t(1). Let w be 9/(-45) + (-852)/k. What are the prime factors of -4 - (-3 + w) - 0?
2, 7
Suppose 1635 = -0*u - 5*u. Let m(h) = 4*h**2 + 57*h + 48. Let r be m(-20). Let y = u + r. What are the prime factors of y?
181
Let n(j) = 47*j**2 - 7*j + 23. Let c be n(2). Let z = -87 + c. List the prime factors of z.
2, 5, 11
What are the prime factors of 48/(-120) + (4 - 85521/(-15))?
5, 7, 163
Suppose -3*r + 3*k - 31 = 5*k, 5*k = 2*r - 11. Let u = -5 - r. Suppose v = 3*y - 271, -3*v = u + 10. List the prime factors of y.
89
Let g(k) = -k**3 - 34*k**2 - 37*k - 114. Let b be g(-33). Let o(p) = 3*p + p**3 + 0*p - 18*p**2 + 18 + 5*p - 3*p. List the prime factors of o(b).
2, 3
Let a be -2 + -4 - (-24)/8. List the prime factors of (a/(-2))/((-108)/(-34704)).
2, 241
Let j(f) = 7*f**3 + 290*f**2 + 17*f + 85. What are the prime factors of j(-37)?
3, 5, 7, 19
Suppose -4*l = 3*p + 9, 0 = -p + 7*l - 3*l - 3. Let j(i) = -386*i + 96. What are the prime factors of j(p)?
2, 3, 11, 19
Suppose -2*w + 4*w = -2*u - 126, -5*w + 5*u - 275 = 0. Let s be -1 + (122 + -1 - 0). Let h = w + s. What are the prime factors of h?
61
Suppose 0 = z + 3*d + 10, 14*z + 22 = 10*z - 3*d. List the prime factors of 5 + -1*(z + -675).
2, 3, 19
Suppose -19*m + 147 + 24 = 0. Suppose -m*p = -4*p - 2410. What are the prime factors of p?
2, 241
Let f = 4911 - -1322. List the prime factors of f.
23, 271
Let h(t) = -288*t - 346. Let g(u) = -143*u - 173. Let d(y) = -7*g(y) + 3*h(y). List the prime factors of d(4).
7, 103
Suppose -5*z + 5*y = -99 - 721, 0 = -z - y + 160. What are the prime factors of z?
2, 3
Let d(j) = j**3 + j**2 - 2*j + 54. Let u be d(0). Let v = 56 - u. Suppose -2*z - v*k = -290, -2*z + 5*k + 80 = -245. List the prime factors of z.
2, 3, 5
Let j(l) = -26*l - 61. Let r = 105 - 113. Let a be j(r). List the prime factors of 8/(-14) + 14637/a.
3, 11
Suppose 0*i - i = f - 3, -4*f + 9 = 5*i. Suppose f + 19 = -5*z, 15 = 5*r - 5*z. What are the prime factors of (66/(-15))/(r*(-2)/(-80))?
2, 11
Let m(o) = 47*o - 186. Let f be m(4). Suppose 7*i - 5301 = -f. List the prime factors of i.
757
What are the prime factors of (-2 + -2)/(48/(-9132))?
761
Let m be 38/12 + (-1 + -3)/24. Suppose 4*h = -z + 2928, 2*h + m*z = -2*z + 1464. List the prime factors of h.
2, 3, 61
Let j = -1701 + 1704. Let r(w) = 58*w + 35. Let x(g) = 19*g + 12. Let t(q) = 3*r(q) - 8*x(q). List the prime factors of t(j).
3, 5
Let c = 40 + -284. What are the prime factors of c/(-5) + (-46)/(-230)?
7
Let s(q) = 21*q**2 + 1. Let c be s(2). Suppose -2*a - 3*w = -6*a + 39, 2*a - 33 = -3*w. Suppose -a*y + 1057 - c = 0. What are the prime factors of y?
3
Suppose 0 = -2*c - 10, 0 = 5*w - w + 4*c - 60. Suppose w*h - 62484 = -21*h. List the prime factors of h.
2, 3, 127
Let p(t) = t**3 - 21*t**2 + 99*t - 7. Let a be p(14). Suppose -31 - 8 = -5*u + r, 0 = -u - r + 9. Suppose x = a + u. List the prime factors of x.
3, 5
Let a(t) = t**3 - 27*t**2 - 5*t + 55050. What are the prime factors of a(0)?
2, 3, 5, 367
Let o = 169 + -169. Suppose o = -3*v, 3*v - 1455 - 3237 = -4*f. What are the prime factors of f?
3, 17, 23
Let b(h) = 3*h + 2. Let o be b(0). Suppose p = -2*p + t + o, -2*t - 5 = -5*p. List the prime factors of (9 + 1)*p*(-96)/64.
3, 5
Let x(g) = g**2 + 33*g - 1728. Let v be x(-64). Let p be -2*(-3)/(-2)*-1. Suppose -k = b + 4*b - v, -5*b - 668 = -p*k. What are the prime factors of k?
3, 7, 11
Suppose 2 = 2*a - 6. Let p be (-2)/4*(-259 - -3). Suppose a*i - 196 = p. List the prime factors of i.
3
What are the prime factors of (-6534724)/(-217) - 4/6*(-96)/992?
2, 3, 7, 239
Let i(q) = 2*q**2 + 12*q - 52 + 17*q + 69 - 59. What are the prime factors of i(-19)?
3, 43
Suppose -27*a = -26*a - 636. Suppose a = 5*t - 4*p + 7*p, -5*t + 660 = -5*p. Suppose 134*y - t*y - 235 = 0. What are the prime factors of y?
47
Let q(k) = k**3 + 20*k**2 + 25*k - 42. Let y be q(-19). Let g = 98 - y. What are the prime factors of g?
2, 127
Let s = 5227 + -2799. List the prime factors of s.
2, 607
Suppose 0 = 5*z - 31 - 29. Suppose -2*n - z + 8 = 0. What are the prime factors of (260/8)/(n/(-4))?
5, 13
Let d(z) be the first derivative of z**3/3 - 4*z**2 + 10*z - 11. Let n be d(3). List the prime factors of 10/(0 + n)*-37.
2, 37
Suppose 0 = -3*o - 4*s + 3852, s = 3*o - 8*o + 6386. What are the prime factors of o?
2, 11, 29
Let y = -1455 - -2556. Suppose -3*a - 5*m = -y, -4*a + 2*m = -9*a + 1816. What are the prime factors of a?
2, 181
Let g(o) = -17*o - 13*o - 18*o + 24 - 10*o. Suppose -5*p - 66*y - 15 = -63*y, -5*p - 5*y = 15. List the prime factors of g(p).
2, 3, 11
Suppose -36*z - 228 = -42*z. Suppose 34*f - z*f = -184. List the prime factors of f.
2, 23
Let v(p)